

{"id":3439,"date":"2017-09-14T22:17:56","date_gmt":"2017-09-14T20:17:56","guid":{"rendered":"http:\/\/www.badminton-marktheidenfeld.de\/wordpress\/?page_id=3439"},"modified":"2025-02-18T19:26:20","modified_gmt":"2025-02-18T18:26:20","slug":"chronik","status":"publish","type":"page","link":"https:\/\/www.badminton-marktheidenfeld.de\/wordpress\/abteilung\/chronik\/","title":{"rendered":"Chronik"},"content":{"rendered":"<h2 style=\"text-align: center;\"><strong>Chronik der Badmintonabteilung des TV Marktheidenfeld<\/strong><\/h2>\n<ul>\n<li><b>2022\/23<\/b><\/li>\n<\/ul>\n<blockquote><p>1. Mannschaft: 2. Bundesliga S\u00fcd, 2. Mannschaft: Regionalliga S\u00fcdost, 3. Mannschaft: Bayernliga Nord, 4. Mannschaft: Bezirksliga<\/p><\/blockquote>\n<ul>\n<li><b>2021\/22<\/b><\/li>\n<\/ul>\n<blockquote><p>1. Mannschaft: 2. Bundesliga S\u00fcd, 2. Mannschaft: Regionalliga S\u00fcdost, 3. Mannschaft: Bayernliga Nord, 4. Mannschaft: Bezirksliga<\/p><\/blockquote>\n<ul>\n<li><b>2020\/21<br \/>\n<\/b><\/li>\n<\/ul>\n<blockquote><p>1. Mannschaft: 2. Bundesliga S\u00fcd, 2. Mannschaft: Regionalliga S\u00fcdost, 3. Mannschaft: Bayernliga Nord, 4. Mannschaft: Bezirksliga<\/p><\/blockquote>\n<ul>\n<li><b>2019\/20<br \/>\n<\/b><\/li>\n<\/ul>\n<blockquote><p>1. Mannschaft: 2. Bundesliga S\u00fcd, 2. Mannschaft: Regionalliga S\u00fcdost, 3. Mannschaft: Bayernliga, 4. Mannschaft: Bezirksliga West<\/p><\/blockquote>\n<ul>\n<li><b>2018\/19<br \/>\n<\/b><\/li>\n<\/ul>\n<blockquote><p>1. Mannschaft: Vierter Platz in der 2. Bundesliga S\u00fcd, 2. Mannschaft: Zweiter Platz in der Regionalliga S\u00fcdost-ost und damit Klassenerhalt f\u00fcr die neu zusammengeschlossene Regionalliga S\u00fcdost, 3. Mannschaft: Meister Bezirksoberliga und damit Aufstieg in die Bayernliga, 4. Mannschaft: Meister Bezirksklasse A-West und damit Aufstieg in die Bezirksliga West.<\/p><\/blockquote>\n<ul>\n<li><b>2017\/18<\/b><\/li>\n<\/ul>\n<blockquote><p>1. Mannschaft: Vizemeister in der 2. Bundesliga S\u00fcd &amp; Teilnahme an der Aufstiegsrunde zur Badminton-Bundesliga, 2. Mannschaft: Meister in der Bayernliga Nord &amp; Aufstieg in die Regionalliga S\u00fcdost-ost, 3. Mannschaft: Vizemeister in der Bezirksoberliga, Neugr\u00fcndung der 4. Mannschaft;\u00a0Jugendmannschaft: 3. Platz S\u00fcdostdeutsche Mannschaftsmeisterschaft, 2. Platz Bayerische Mannschaftsmeisterschaft, 1. Platz UFR Mannschaftsmeisterschaft<\/p><\/blockquote>\n<ul>\n<li><b>2016\/17<\/b><\/li>\n<\/ul>\n<blockquote><p>1. Mannschaft: Meister Regionalliga S\u00fcdost und Aufstieg in die 2. Bundesliga S\u00fcd, 2. Mannschaft: 3. Platz Bayernliga Nord, 3. Mannschaft: Meister Bezirksliga West und Aufstieg in die Bezirksoberliga; Jugendmannschaft: 5. Platz Deutsche Mannschaftsmeisterschaft, 2. Platz S\u00fcdostdeutsche Mannschaftsmeisterschaft, 1. Platz Bayerische Mannschaftsmeisterschaft, 1. Platz UFR Mannschaftsmeisterschaft<\/p><\/blockquote>\n<ul>\n<li><b>2015\/16<\/b><\/li>\n<\/ul>\n<blockquote><p>1. Mannschaft: Meister Regionalliga S\u00fcdost, 2. Mannschaft: Bayernliga Nord, 3. Mannschaft: 2. Platz Bezirksliga West, Jugendmannschaft: 4. Platz S\u00fcdostdeutsche Mannschaftsmeisterschaft, 2. Platz Bayerische Mannschaftsmeisterschaft, 1. Platz UFR Mannschaftsmeisterschaft<\/p><\/blockquote>\n<ul>\n<li><b>2014\/15<\/b><\/li>\n<\/ul>\n<blockquote><p>1. Mannschaft: Meister Regionalliga S\u00fcdost, 2. Mannschaft: Bayernliga Nord, 3. Mannschaft: Meister Bezirksklasse A-West; 1. Platz UFR Mannschaftsmeisterschaft;<\/p><\/blockquote>\n<ul>\n<li><strong>2013\/2014<\/strong><\/li>\n<\/ul>\n<blockquote><p>1. Mannschaft: Regionalliga S\u00fcdost, 2. Mannschaft: Bayernliga Nord, 3. Mannschaft: Meister Bezirksklasse B-West, Jugendmannschaft: Bayerischer Vizemeister, 2. Platz S\u00fcdostdeutsche Mannschaftsmeisterschaft und 5. Platz Deutsche Mannschaftsmeisterschaft, Sch\u00fclermannschaft: Bezirksoberliga<\/p><\/blockquote>\n<ul>\n<li><strong>2012\/2013<\/strong><\/li>\n<\/ul>\n<blockquote><p>1. Mannschaft: Aufstieg in die Regionalliga S\u00fcdost, 2. Mannschaft: Bayernliga Nord, Jugendmannschaft: Bayerischer Meister, 2. Platz S\u00fcdostdeutsche Mannschaftsmeisterschaft und 5. Platz Deutsche Mannschaftsmeisterschaft, Sch\u00fclermannschaft: Unterfr. Meister und 3. Platz Bayr. Mannschaftsmeisterschaft<\/p><\/blockquote>\n<ul>\n<li><strong>2011\/2012<\/strong><\/li>\n<\/ul>\n<blockquote><p>1. Mannschaft: Bayernliga Nord, 2. Mannschaft: Aufstieg: Bayernliga Nord, 3. Mannschaft: abgemeldet, Jugendmannschaft UFR-Meister und 3. Platz Bayer. Mannschaftsmeisterschaft, Sch\u00fclermannschaft Meister Bayernliga Nord und S\u00fcdOst-Mannschaftsmeister<\/p><\/blockquote>\n<ul>\n<li><strong>2010\/2011<\/strong><\/li>\n<\/ul>\n<blockquote><p>1. Mannschaft: Abstieg Bayernliga Nord, 2. Mannschaft: Abstieg: Bezirksoberliga, 3. Mannschaft: Bezirksliga, Jugendmannschaft UFR-Meister und 3. Platz Bayer. Mannschaftsmeisterschaft, Sch\u00fclermannschaft Meister Bayernliga Nord, 2. Platz Bayer. Mannschaftsmeisterschaft<\/p><\/blockquote>\n<ul>\n<li><strong>2009\/2010<\/strong><\/li>\n<\/ul>\n<blockquote><p>1. Mannschaft: Abstieg Bayernliga Nord, 2. Mannschaft: Abstieg: Bezirksoberliga, 3. Mannschaft: Bezirksliga<\/p><\/blockquote>\n<ul>\n<li><strong>2008\/2009<\/strong><\/li>\n<\/ul>\n<blockquote><p>1. Mannschaft: Aufstieg in die Regionalliga S\u00fcdost, 2. Mannschaft: Aufstieg in die Bayernliga Nord; 3. Mannschaft: Bezirksliga<\/p><\/blockquote>\n<ul>\n<li><strong>2007\/2008<\/strong><\/li>\n<\/ul>\n<blockquote><p>1. Mannschaft: Abstieg in die Bayernliga Nord; 2. Mannschaft: Bezirksoberliga; 3. Mannschaft: Bezirksliga<\/p><\/blockquote>\n<ul>\n<li><strong>2006\/2007<\/strong><\/li>\n<\/ul>\n<blockquote><p>1. Mannschaft: Aufstieg in die Regionalliga S\u00fcdost; 2. Mannschaft: Bezirksoberliga; 3. Mannschaft: Bezirksliga<\/p><\/blockquote>\n<ul>\n<li><strong>2005\/2006<\/strong><\/li>\n<\/ul>\n<blockquote><p>1. Mannschaft: Abstieg in die Bayernliga; 2. Mannschaft: Abstieg in die Bezirksoberliga; 3. Mannschaft: Aufstieg in die Bezirksliga; 4. Mannschaft: Bezirksklasse B<\/p><\/blockquote>\n<ul>\n<li><strong>2004\/2005<\/strong><\/li>\n<\/ul>\n<blockquote><p>1. Mannschaft: 2. Platz in der Regionalliga S\u00fcdost; 2. Mannschaft: Aufstieg in die Bayernliga; 3. Mannschaft: Bezirksklasse A<\/p><\/blockquote>\n<ul>\n<li><strong>2003\/2004<\/strong><\/li>\n<\/ul>\n<blockquote><p>1. Mannschaft: 2. Platz in der Regionalliga S\u00fcdost; 2. Mannschaft: Bezirksliga; 3. Mannschaft: B-Klasse<\/p><\/blockquote>\n<ul>\n<li><strong>2002\/2003<\/strong><\/li>\n<\/ul>\n<blockquote><p>1. Mannschaft: 5. Platz in der Regionalliga S\u00fcdost; 2. Mannschaft: Bezirksliga; 3. Mannschaft: B-Klasse<\/p><\/blockquote>\n<ul>\n<li><strong>2001\/2002<\/strong><\/li>\n<\/ul>\n<blockquote><p>1. Mannschaft: Meister der Bayernliga Nord, Aufstieg in die Regionalliga; 2. Mannschaft: Bezirksliga; 3. Mannschaft: B-Klasse; Sch\u00fclermannschaft: 5. Platz bei der Bayerischen Mannschaftsmeisterschaft<\/p><\/blockquote>\n<ul>\n<li><strong>2000\/2001<\/strong><\/li>\n<\/ul>\n<blockquote><p>1. Mannschaft 5. Platz in der Bayernliga Nord; 2. Mannschaft Bezirksliga; 3. Mannschaft: B-Klasse<\/p><\/blockquote>\n<ul>\n<li><strong>1999\/2000<\/strong><\/li>\n<\/ul>\n<blockquote><p>Abstieg aus der Regionalliga und R\u00fcckkehr in die Bayernliga Nord; 2. Mannschaft in der A-Klasse; 3. Mannschaft in der B-Klasse; Gro\u00dfe Erfolge der Nachwuchsspieler auf unterfr\u00e4nkischer, bayerischer, s\u00fcdostdeutscher und deutscher Ebene. Bestes Ergebnis bisher: 3. Platz bei Deutscher Meisterschaft im Jungendoppel; 2 Spieler im Talentteam Deutschlan; bzw.;D\/C-Kader Deutschland<\/p><\/blockquote>\n<ul>\n<li><strong>1998\/1999<\/strong><\/li>\n<\/ul>\n<blockquote><p>Teilnahme an der Regionalliga S\u00fcdost<\/p><\/blockquote>\n<ul>\n<li><strong>1997\/1998<\/strong><\/li>\n<\/ul>\n<blockquote><p>Meister der Bayernliga Nord und Aufstieg in die Regionalliga; Wahl zur Mannschaft des Jahres durch Leser der Main-Post<\/p><\/blockquote>\n<ul>\n<li><strong>1996\/1997<\/strong><\/li>\n<\/ul>\n<blockquote><p>Meister der Bezirksliga; Aufstieg in die Bayernliga<\/p><\/blockquote>\n<ul>\n<li><strong>1993-1996<\/strong><\/li>\n<\/ul>\n<blockquote><p>2. Platz in der Bezirksliga<\/p><\/blockquote>\n<ul>\n<li><strong>1992\/1993<\/strong><\/li>\n<\/ul>\n<blockquote><p>Aufstieg in die Bezirksliga; 2. Mannschaft in die A-Klasse<\/p><\/blockquote>\n<ul>\n<li><strong>1991\/1992<\/strong><\/li>\n<\/ul>\n<blockquote><p>Aufstieg in die A-Klasse; 2. Mannschaft in die B-Klasse<\/p><\/blockquote>\n<ul>\n<li><strong>1990<\/strong><\/li>\n<\/ul>\n<blockquote><p>Bildung einer 3. Mannschaft<\/p><\/blockquote>\n<ul>\n<li><strong>1989<\/strong><\/li>\n<\/ul>\n<blockquote><p>1. Mannschaft steigt in die B-Klasse auf; Gr\u00fcndung einer 2. Mannschaft<\/p><\/blockquote>\n<ul>\n<li><strong>September 1988<\/strong><\/li>\n<\/ul>\n<blockquote><p>erstmals Teilnahme an einer Wettkampfrunde<\/p><\/blockquote>\n<ul>\n<li><strong>Herbst 1987<\/strong><\/li>\n<\/ul>\n<blockquote><p>Gr\u00fcndung der Abteilung Badminton (10. Sparte des TVM)<\/p><\/blockquote>\n","protected":false},"excerpt":{"rendered":"Chronik der Badmintonabteilung des TV Marktheidenfeld 2022\/23 1. Mannschaft: 2. Bundesliga S\u00fcd, 2. Mannschaft: Regionalliga S\u00fcdost, 3. Mannschaft: Bayernliga Nord, 4. Mannschaft: Bezirksliga \n<a class=\"moretag\" href=\"https:\/\/www.badminton-marktheidenfeld.de\/wordpress\/abteilung\/chronik\/\"> [...]<\/a>","protected":false},"author":8,"featured_media":0,"parent":3435,"menu_order":0,"comment_status":"closed","ping_status":"closed","template":"","meta":{"footnotes":""},"class_list":["post-3439","page","type-page","status-publish","hentry"],"_links":{"self":[{"href":"https:\/\/www.badminton-marktheidenfeld.de\/wordpress\/wp-json\/wp\/v2\/pages\/3439","targetHints":{"allow":["GET"]}}],"collection":[{"href":"https:\/\/www.badminton-marktheidenfeld.de\/wordpress\/wp-json\/wp\/v2\/pages"}],"about":[{"href":"https:\/\/www.badminton-marktheidenfeld.de\/wordpress\/wp-json\/wp\/v2\/types\/page"}],"author":[{"embeddable":true,"href":"https:\/\/www.badminton-marktheidenfeld.de\/wordpress\/wp-json\/wp\/v2\/users\/8"}],"replies":[{"embeddable":true,"href":"https:\/\/www.badminton-marktheidenfeld.de\/wordpress\/wp-json\/wp\/v2\/comments?post=3439"}],"version-history":[{"count":12,"href":"https:\/\/www.badminton-marktheidenfeld.de\/wordpress\/wp-json\/wp\/v2\/pages\/3439\/revisions"}],"predecessor-version":[{"id":7771,"href":"https:\/\/www.badminton-marktheidenfeld.de\/wordpress\/wp-json\/wp\/v2\/pages\/3439\/revisions\/7771"}],"up":[{"embeddable":true,"href":"https:\/\/www.badminton-marktheidenfeld.de\/wordpress\/wp-json\/wp\/v2\/pages\/3435"}],"wp:attachment":[{"href":"https:\/\/www.badminton-marktheidenfeld.de\/wordpress\/wp-json\/wp\/v2\/media?parent=3439"}],"curies":[{"name":"wp","href":"https:\/\/api.w.org\/{rel}","templated":true}]}}